{"id":853,"date":"2023-06-05T15:39:50","date_gmt":"2023-06-05T13:39:50","guid":{"rendered":"https:\/\/calandreta.establiment.fr\/banheras\/?page_id=853"},"modified":"2023-06-06T09:23:48","modified_gmt":"2023-06-06T07:23:48","slug":"actuacalandrons","status":"publish","type":"page","link":"https:\/\/banheras.establiment.fr\/?page_id=853","title":{"rendered":"ACTUACALANDRONS"},"content":{"rendered":"\t\t<div data-elementor-type=\"wp-page\" data-elementor-id=\"853\" class=\"elementor elementor-853\">\n\t\t\t\t\t\t<section class=\"elementor-section elementor-top-section elementor-element elementor-element-3f36dfc5 elementor-section-boxed elementor-section-height-default elementor-section-height-default\" data-id=\"3f36dfc5\" data-element_type=\"section\" data-e-type=\"section\">\n\t\t\t\t\t\t<div class=\"elementor-container elementor-column-gap-default\">\n\t\t\t\t\t<div class=\"elementor-column elementor-col-100 elementor-top-column elementor-element elementor-element-3a9a291a\" data-id=\"3a9a291a\" data-element_type=\"column\" data-e-type=\"column\">\n\t\t\t<div class=\"elementor-widget-wrap elementor-element-populated\">\n\t\t\t\t\t\t<div class=\"elementor-element elementor-element-51e56c27 elementor-widget elementor-widget-text-editor\" data-id=\"51e56c27\" data-element_type=\"widget\" data-e-type=\"widget\" data-widget_type=\"text-editor.default\">\n\t\t\t\t<div class=\"elementor-widget-container\">\n\t\t\t\t\t\t\t\t\t\n<h2 class=\"wp-block-heading\">ACTUACALANDRONS<\/h2>\n\n<p>Depuis de nombreuses ann\u00e9es, les calandrons enregistrent une fois par mois une \u00e9mission de radio d&rsquo;actualit\u00e9. Elles sont diffus\u00e9es quotidiennement \u00e0 9h sur Radio Pa\u00eds.<br \/>Cette activit\u00e9 permet d&rsquo;une part d&rsquo;entrainer les calandrons \u00e0 l&rsquo;exercice r\u00e9dactionnel et d&rsquo;autre pat par la diffusion de ces \u00e9missions se diffuse la langue des calandrons.<\/p>\n\n<figure class=\"wp-block-image size-large\"><img fetchpriority=\"high\" decoding=\"async\" width=\"4128\" height=\"3096\" class=\"wp-image-847\" src=\"https:\/\/banheras.establiment.fr\/wp-content\/uploads\/2023\/06\/Aman-Louna-Althea.jpg\" alt=\"\" \/>\n<figcaption>Aman, Louna et Althea<\/figcaption>\n<\/figure>\n\n<figure class=\"wp-block-audio\"><audio src=\"https:\/\/banheras.establiment.fr\/wp-content\/uploads\/2023\/06\/Aman___Louna___Alth_a.mp3\" controls=\"controls\"><\/audio><\/figure>\n\n<figure class=\"wp-block-image size-large\"><img decoding=\"async\" width=\"4128\" height=\"3096\" class=\"wp-image-855\" src=\"https:\/\/banheras.establiment.fr\/wp-content\/uploads\/2023\/06\/Simon-Esteban-Lenny.jpg\" alt=\"\" \/>\n<figcaption>Simon, Esteban et Lenny<\/figcaption>\n<\/figure>\n\n<figure class=\"wp-block-audio\"><audio src=\"https:\/\/banheras.establiment.fr\/wp-content\/uploads\/2023\/06\/Simon___Esteban___Lenny.mp3\" controls=\"controls\"><\/audio><\/figure>\n\n<figure class=\"wp-block-image size-large is-resized\"><img decoding=\"async\" class=\"alignnone wp-image-852 size-full\" src=\"https:\/\/banheras.establiment.fr\/wp-content\/uploads\/2023\/06\/Sacha-Ambre-Ellie.jpg\" alt=\"\" width=\"4128\" height=\"3096\" \/>\n<figcaption>Sacha, Ambre et Ellie<\/figcaption>\n<\/figure>\n\n<figure class=\"wp-block-audio\"><audio src=\"https:\/\/banheras.establiment.fr\/wp-content\/uploads\/2023\/06\/Sacha___Ambre___Ellie.mp3\" controls=\"controls\"><\/audio><\/figure>\n\n<figure class=\"wp-block-image size-large\"><img loading=\"lazy\" decoding=\"async\" width=\"4128\" height=\"3096\" class=\"wp-image-849\" src=\"https:\/\/banheras.establiment.fr\/wp-content\/uploads\/2023\/06\/Louis-Clara-Elodie.jpg\" alt=\"\" \/>\n<figcaption>Louis, Clara, Elodie<\/figcaption>\n<\/figure>\n\n<figure class=\"wp-block-audio\"><audio src=\"https:\/\/banheras.establiment.fr\/wp-content\/uploads\/2023\/06\/Louis___Clara___Elodie.mp3\" controls=\"controls\"><\/audio><\/figure>\n\n<figure class=\"wp-block-image size-large\"><img loading=\"lazy\" decoding=\"async\" width=\"4128\" height=\"3096\" class=\"wp-image-850\" src=\"https:\/\/banheras.establiment.fr\/wp-content\/uploads\/2023\/06\/Newen-Julie-Chloe.jpg\" alt=\"\" \/>\n<figcaption>Newen, Julie et Chloe<\/figcaption>\n<\/figure>\n\n<figure class=\"wp-block-audio\"><audio src=\"https:\/\/banheras.establiment.fr\/wp-content\/uploads\/2023\/06\/Newen___Julie___Chlo_.mp3\" controls=\"controls\"><\/audio><\/figure>\n\n<figure class=\"wp-block-image size-large\"><img loading=\"lazy\" decoding=\"async\" width=\"4128\" height=\"3096\" class=\"wp-image-851\" src=\"https:\/\/banheras.establiment.fr\/wp-content\/uploads\/2023\/06\/Oihana-Charlotte-Lucie-Lucie.jpg\" alt=\"\" \/>\n<figcaption>Oihana, Charlotte, Lucie et Lucie<\/figcaption>\n<\/figure>\n\n<figure class=\"wp-block-audio\"><audio src=\"https:\/\/banheras.establiment.fr\/wp-content\/uploads\/2023\/06\/Oihana___Charlotte___Lucie___Lucie.mp3\" controls=\"controls\"><\/audio><\/figure>\n\n<figure class=\"wp-block-image size-large\"><img loading=\"lazy\" decoding=\"async\" width=\"4128\" height=\"3096\" class=\"wp-image-848\" src=\"https:\/\/banheras.establiment.fr\/wp-content\/uploads\/2023\/06\/Cleo-Lalie-abre-Valentin.jpg\" alt=\"\" \/>\n<figcaption>Cleo, Lalie, Ambre et Valentin<\/figcaption>\n<\/figure>\n\n<figure class=\"wp-block-audio\"><audio src=\"https:\/\/banheras.establiment.fr\/wp-content\/uploads\/2023\/06\/Cl_o___Lalie___Ambre___Valentin.mp3\" controls=\"controls\"><\/audio><\/figure>\n\n<figure class=\"wp-block-image size-large\"><img loading=\"lazy\" decoding=\"async\" width=\"3173\" height=\"2721\" class=\"wp-image-863\" src=\"https:\/\/banheras.establiment.fr\/wp-content\/uploads\/2023\/06\/Thibaud-Charline-Diego-Celia.jpg\" alt=\"\" \/>\n<figcaption>Thibaud, Charline, Diego et Celia<\/figcaption>\n<\/figure>\n\n<figure class=\"wp-block-audio\"><audio src=\"https:\/\/banheras.establiment.fr\/wp-content\/uploads\/2023\/06\/Thibaud___Charline___Diego___C_lia.mp3\" controls=\"controls\"><\/audio><\/figure>\n\n<p>\u00a0<\/p>\n\t\t\t\t\t\t\t\t<\/div>\n\t\t\t\t<\/div>\n\t\t\t\t\t<\/div>\n\t\t<\/div>\n\t\t\t\t\t<\/div>\n\t\t<\/section>\n\t\t\t\t<\/div>\n\t\t","protected":false},"excerpt":{"rendered":"<p>ACTUACALANDRONS Depuis de nombreuses ann\u00e9es, les calandrons enregistrent une fois par mois une \u00e9mission de radio d&rsquo;actualit\u00e9. Elles sont diffus\u00e9es quotidiennement \u00e0 9h sur Radio Pa\u00eds.Cette activit\u00e9 permet d&rsquo;une part d&rsquo;entrainer les calandrons \u00e0 l&rsquo;exercice r\u00e9dactionnel et d&rsquo;autre pat par la diffusion de ces \u00e9missions se diffuse la langue des calandrons. &nbsp;<\/p>\n","protected":false},"author":2,"featured_media":0,"parent":0,"menu_order":0,"comment_status":"closed","ping_status":"closed","template":"elementor_header_footer","meta":{"footnotes":""},"class_list":["post-853","page","type-page","status-publish","hentry","entry"],"_links":{"self":[{"href":"https:\/\/banheras.establiment.fr\/index.php?rest_route=\/wp\/v2\/pages\/853","targetHints":{"allow":["GET"]}}],"collection":[{"href":"https:\/\/banheras.establiment.fr\/index.php?rest_route=\/wp\/v2\/pages"}],"about":[{"href":"https:\/\/banheras.establiment.fr\/index.php?rest_route=\/wp\/v2\/types\/page"}],"author":[{"embeddable":true,"href":"https:\/\/banheras.establiment.fr\/index.php?rest_route=\/wp\/v2\/users\/2"}],"replies":[{"embeddable":true,"href":"https:\/\/banheras.establiment.fr\/index.php?rest_route=%2Fwp%2Fv2%2Fcomments&post=853"}],"version-history":[{"count":9,"href":"https:\/\/banheras.establiment.fr\/index.php?rest_route=\/wp\/v2\/pages\/853\/revisions"}],"predecessor-version":[{"id":885,"href":"https:\/\/banheras.establiment.fr\/index.php?rest_route=\/wp\/v2\/pages\/853\/revisions\/885"}],"wp:attachment":[{"href":"https:\/\/banheras.establiment.fr\/index.php?rest_route=%2Fwp%2Fv2%2Fmedia&parent=853"}],"curies":[{"name":"wp","href":"https:\/\/api.w.org\/{rel}","templated":true}]}}